62
In base 12, what is -b2 + -1a?
-110
In base 2, what is 10 - 10010111001?
-10010110111
In base 16, what is 4 + -b4?
-b0
In base 4, what is -10 + 131?
121
In base 13, what is 4 + 118?
11c
In base 9, what is 25325 - -3?
25328
In base 11, what is 0 + 44?
44
In base 3, what is -1 + 110112?
110111
In base 11, what is 60 - 238?
-188
In base 4, what is -2033 - 1?
-2100
In base 10, what is -5 - 15?
-20
In base 6, what is 2 - -202?
204
In base 16, what is -11b4 - -5?
-11af
In base 15, what is -54 - -2?
-52
In base 6, what is 5 - 3351?
-3342
In base 9, what is -3 + 1542?
1538
In base 3, what is -1120011 - 11?
-1120022
In base 11, what is -5 - -1233?
1229
In base 14, what is -2b2 - -2?
-2b0
In base 3, what is -2112120 - -10?
-2112110
In base 16, what is 16a0 - -1?
16a1
In base 6, what is -10 - -12530?
12520
In base 15, what is -280 + -d?
-28d
In base 9, what is -2813 + 2?
-2811
In base 6, what is 1 - -1331?
1332
In base 3, what is 10 + -11211?
-11201
In base 5, what is 42 - 320?
-223
In base 16, what is -a4 + -1?
-a5
In base 8, what is 4 + 245?
251
In base 11, what is 3869 - 5?
3864
In base 11, what is 9 + -183?
-175
In base 3, what is -11012 + 1?
-11011
In base 2, what is 1100 - 101?
111
In base 2, what is -100 - 101100101?
-101101001
In base 13, what is 187 + -5?
182
In base 11, what is 1043 - 0?
1043
In base 8, what is 2 - 23?
-21
In base 9, what is 2 - 10?
-7
In base 15, what is -1 + -41?
-42
In base 6, what is -21524 + 12?
-21512
In base 15, what is 3c + -79?
-3c
In base 8, what is 210 + 0?
210
In base 2, what is 100 - -110?
1010
In base 15, what is -5 + 225?
220
In base 10, what is 4 + 75?
79
In base 14, what is 703 - 3?
700
In base 4, what is -20312 + 3?
-20303
In base 16, what is 1a7 + -2?
1a5
In base 7, what is -5 + -13235?
-13243
In base 7, what is -3 + 5?
2
In base 5, what is -3412 - 11?
-3423
In base 7, what is 262 - 3?
256
In base 13, what is -3b + 31?
-a
In base 10, what is 151 + -2?
149
In base 15, what is -5 + 85?
80
In base 10, what is -4 - -3166?
3162
In base 7, what is 5 + -1232?
-1224
In base 4, what is 2011 - -2?
2013
In base 3, what is 12120101 - 12?
12120012
In base 9, what is 0 - 225?
-225
In base 6, what is -4 - 201?
-205
In base 9, what is 44 - 138?
-84
In base 6, what is -3 + 333?
330
In base 14, what is -92 + -3?
-95
In base 13, what is 1 + 19?
1a
In base 11, what is 262 + 18?
27a
In base 6, what is -3 - 11?
-14
In base 5, what is 12 + -112?
-100
In base 10, what is 1 + -20?
-19
In base 3, what is 10120 - 0?
10120
In base 6, what is 2220 - 4?
2212
In base 4, what is 131 - -10?
201
In base 5, what is 343 + -3?
340
In base 12, what is -65 - -3?
-62
In base 3, what is 120222 + 111?
121110
In base 2, what is 11 + -11011?
-11000
In base 5, what is -2001 + 43?
-1403
In base 8, what is 1261 + -2?
1257
In base 4, what is 21313 - -10?
21323
In base 7, what is -1 - -11?
10
In base 16, what is -12 - 34?
-46
In base 15, what is -e + -2?
-11
In base 14, what is 3 - 278?
-275
In base 5, what is 3 + -104?
-101
In base 8, what is -115 - 0?
-115
In base 16, what is -47 - -2f?
-18
In base 2, what is 11000 - 10101?
11
In base 6, what is -2143 - 5?
-2152
In base 8, what is 136 - 1?
135
In base 8, what is 0 - -754?
754
In base 7, what is -30540 + 0?
-30540
In base 12, what is 34 + -22b?
-1b7
In base 6, what is 0 - -1404?
1404
In base 10, what is 783 + -7?
776
In base 2, what is 0 + -100000001?
-100000001
In base 4, what is -32133 - 12?
-32211
In base 13, what is 4 - -3a?
41
In base 5, what is -24 - 1340?
-1414
In base 10, what is 3 + 475?
478
In base 15, what is -2 + 153?
151
In base 4, what is -1 - -33222?
33221
In base 6, what is 4403 + 0?
4403
In base 4, what is 122303 - -1?
122310
In base 8, what is -1 + -73?
-74
In base 7, what is 1 + 110?
111
In base 12, what is 1b9 + -4?
1b5
In base 13, what is -3 + 100?
ca
In base 4, what is -12 - 1?
-13
In base 9, what is -2850 - -5?
-2844
In base 5, what is -3 - -140?
132
In base 9, what is -2 - -23?
21
In base 6, what is 3331 - 3?
3324
In base 12, what is 27 - 7?
20
In base 8, what is -41 + 164?
123
In base 4, what is -1320 - 32?
-2012
In base 16, what is 162 - -7?
169
In base 4, what is 210332 - 10?
210322
In base 10, what is 1 + -647?
-646
In base 4, what is 131 - -123?
320
In base 7, what is -10 - 344?
-354
In base 4, what is -10 - -2?
-2
In base 3, what is -2 - -1102?
1100
In base 8, what is 2 - -102?
104
In base 7, what is -10 - -131?
121
In base 10, what is -76 - -20?
-56
In base 12, what is -450 + b?
-441
In base 7, what is -1214 + 44?
-1140
In base 5, what is 2142 - -41?
2233
In base 12, what is 10 - 11?
-1
In base 12, what is 2b - 9?
22
In base 8, what is -1221 + -4?
-1225
In base 9, what is 408 - 0?
408
In base 5, what is -12442 + 2?
-12440
In base 11, what is 42 - -15?
57
In base 3, what is -10 - 210?
-220
In base 8, what is 6 - -1002?
1010
In base 11, what is -52 + -33?
-85
In base 8, what is -1 + 0?
-1
In base 7, what is -15 + -3?
-21
In base 5, what is 4 + 3403?
3412
In base 15, what is 1d1 - -1a?
1eb
In base 4, what is 0 + 13203?
13203
In base 4, what is -10101 - 133?
-10300
In base 5, what is -3 + -22231?
-22234
In base 4, what is 120 + -10?
110
In base 12, what is b + -5?
6
In base 10, what is 41 - 23?
18
In base 2, what is 10111010010 - -11?
10111010101
In base 6, what is 10 - -5?
15
In base 11, what is -1010 + 1?
-100a
In base 3, what is -1101122011 - -11?
-1101122000
In base 6, what is -4 + -254?
-302
In base 13, what is 5 - 1232?
-122a
In base 12, what is -8 + -13b?
-147
In base 7, what is 12 + 42?
54
In base 5, what is 131341 + -3?
131333
In base 15, what is 934 + -6?
92d
In base 11, what is 298 - 2?
296
In base 2, what is 100 - 1001?
-101
In base 12, what is 0 + b4?
b4
In base 3, what is -10 - 12122?
-12202
In base 11, what is 5 + 171?
176
In base 13, what is -725 + 1?
-724
In base 10, what is 81 - -5?
86
In base 5, what is 2 + -42334?
-42332
In base 7, what is 14360 - -1?
14361
In base 4, what is -3 + -31111?
-31120
In base 12, what is 1a8 - 4?
1a4
In base 3, what is 1102 + 10?
1112
In base 8, what is 167 + -14?
153
In base 14, what is 1 + 4b?
4c
In base 11, what is 53 + 95?
138
In base 3, what is 11 + 112?
200
In base 14, what is -111 + 7?
-108
In base 7, what is -45 - -14?
-31
In base 8, what is -5 - 313?
-320
In base 5, what is 32 - 2301?
-2214
In base 11, what is 16a + 12?
181
In base 5, what is 222 - 1?
221
In base 11, what is 3459 + -3?
3456
In base 12, what is 1 + 3?
4
In base 14, what is -1965 - -3?
-1962
In base 8, what is -4 + 75?
71
In base 8, what is 4 - 246?
-242
In base 16, what is 0 + -58e?
-58e
In base 4, what is 3 - -2201?
2210
In base 15, what is -3 - 5?
-8
In base 15, what is -1e + -31?
-50
In base 7, what is -1404 - -5?
-1366
In base 7, what is -10 + 364?
354
In base 14, what is -1871 + 2?
-186d
In base 16, what is e - -19?
27
In base 16, what is -15d + 15?
-148
In base 2, what is -10100100 - 101?
-10101001
In base 10, what is -5 + 12?
7
In base 10, what is -1448 - -2?
-1446
In base 3, what is 121 + -1010201?
-1010010
In base 9, what is -3 + -73?
-76
In base 6, what is -2 + 454?
452
In base 4, what is -20 + 10130?
10110
In base 12, what is -594 + 1?
-593
In base 8, what is 0 - 52?
-52
In base 8, what is 2535 + -4?
2531
In base 8, what is 2 - -452?
454
In base 13, what is 10 - 15a?
-14a
In base 12, what is -437 + 4?
-433
In base 15, what is d5 - 5?
d0
In base 3, what is -20002 + 10?
-12222
In base 12, what is 4 + -444?
-440
In base 11, what is 14 - -6?
1a
In base 13, what is -2 - 3c?
-41
In base 14, what is -7 + 11?
8
In base 12, what is -11 + -3?
-14
In base 12, what is 1784 - 0?
1784
In base 7, what is 25 + -4?
21
In base 2, what is 1 + 1001110100100?
1001110100101
In base 14, what is -5 - -11?
a
In base 8, what is 11 - -24?
35
In base 12, what is 18 + 3?
1b
In base 12, what is -67 + 27?
-40
In base 2, what is 100 + -10110111?
-10110011
In base 5, what is 122203 - -3?
122211
In base 7, what is -2 + -100?
-102
In base 13, what is -67c + -5?
-684
In base 14, what is -2c - 6?
-34
In base 9, what is 46 - -161?
217
In base 9, what is 46 - -1?
47
In base 16, what is -d87 - -2?
-d85
In base 4, what is -1 - -101023?
101022
In base 16, what is -1 + 20cf?
20ce
In base 7, what is 5 + -4600?
-4562
In base 16, what is 2813 - -1?
2814
In base 5, what is -140 + -1211